{"id":901,"date":"2019-12-01T13:50:37","date_gmt":"2019-12-01T12:50:37","guid":{"rendered":"http:\/\/forum-flugplatz.ch\/?page_id=901"},"modified":"2021-09-22T18:30:43","modified_gmt":"2021-09-22T16:30:43","slug":"medienmitteilungen","status":"publish","type":"page","link":"https:\/\/forum-flugplatz.ch\/?page_id=901","title":{"rendered":"Medienmitteilungen"},"content":{"rendered":"\n<p><strong><a href=\"https:\/\/forum-flugplatz.ch\/wp-content\/uploads\/2021\/09\/Medienmitteilung-HP-01-09-21.pdf\">01.09.2021<\/a><\/strong><br><strong><span class=\"has-inline-color has-vivid-red-color\">Nachdem sich der Bundesrat am 30. Juni f\u00fcr die F-35A Lightning II entschieden hat, k\u00f6nnen<br>wir Ihnen aus aktuellem Anlass mitteilen, dass die Swiss-F35A \/ Homepage in Stealth Konfiguration, ohne L\u00fcneburg Linsen, heute um Mitternacht in den schweizerischen Luftraum eingeflogen<br>und sicher auf dem Flugplatz D\u00fcbendorf (LSMD) gelandet ist. Weitere Angaben und Informationen ersehen Sie auf der Homepage: https:\/\/swiss-f35.ch<\/span><\/strong><\/p>\n\n\n\n<p><\/p>\n\n\n\n<p><strong>16.09.2020<\/strong><br>Die Z\u00fcrcher Regierung zieht das abschl\u00e4gige Urteil des Verwaltungsgerichtes zum kantonalen Gestaltungsplan ans Bundesgericht weiter. Parallel dazu soll bis im Fr\u00fchling 2021 ein Synthesebericht (Masterplan) erarbeitet werden. In unserer Publikation <a href=\"http:\/\/forum-flugplatz.ch\/wp-content\/uploads\/2020\/08\/Forum-Info-Nr54.pdf\">Forum-Info 54<\/a>, werden unsere Vorstellungen betr. zuk\u00fcnftiger Nutzung deutlich festgehalten sind. In diesem Sinne werden wir uns auch in k\u00fcnftige Diskussionen einbringen. Dazu unsere<a href=\"http:\/\/forum-flugplatz.ch\/wp-content\/uploads\/2020\/09\/Medienmitteilung-16-09-2020-1.pdf\"> Medienmitteilung zum weiteren Vorgehen des Regierungsrates<\/a>.<br><\/p>\n\n\n\n<p><strong>22.07.2020<\/strong><br>Der <a href=\"http:\/\/forum-flugplatz.ch\/wp-content\/uploads\/2020\/07\/AneigerUster-Verwaltungsgerichtsentscheid-2020-07-22.pdf\"><strong>Anzeiger Uster \/ Z\u00fcrcher Oberl\u00e4nder<\/strong><\/a> berichtet in der Ausgabe vom 22. Juli 2020 \u00fcber den Entscheid des Verwaltungsgerichtes.<\/p>\n\n\n\n<p><strong>21.07.2020:<\/strong><br>Das Forum Flugplatz D\u00fcbendorf ist \u00fcber die Aufhebung des kantonalen Gestaltungsplan &#8220;Innovationspark Z\u00fcrich&#8221; erfreut. Der Entscheid des <a href=\"http:\/\/forum-flugplatz.ch\/wp-content\/uploads\/2020\/07\/Verwaltungsgerichtsentscheid.pdf\"><strong>Verwaltungsgerichtes<\/strong><\/a> ist f\u00fcr die weitere Entwicklung der aviatischen Nutzung des Flugplatzes von grosser Bedeutung. Die <a href=\"http:\/\/forum-flugplatz.ch\/wp-content\/uploads\/2020\/07\/Medienmitteilung-Innovationspark.pdf\">Medienmitteilung<\/a> des Verwaltungsgerichtes.<\/p>\n\n\n","protected":false},"excerpt":{"rendered":"<p>01.09.2021Nachdem sich der Bundesrat am 30. Juni f\u00fcr die F-35A Lightning II entschieden hat, k\u00f6nnenwir Ihnen aus aktuellem Anlass mitteilen, dass die Swiss-F35A \/ Homepage in Stealth Konfiguration, ohne L\u00fcneburg [&hellip;]<\/p>\n","protected":false},"author":1,"featured_media":0,"parent":0,"menu_order":0,"comment_status":"closed","ping_status":"closed","template":"","meta":[],"_links":{"self":[{"href":"https:\/\/forum-flugplatz.ch\/index.php?rest_route=\/wp\/v2\/pages\/901"}],"collection":[{"href":"https:\/\/forum-flugplatz.ch\/index.php?rest_route=\/wp\/v2\/pages"}],"about":[{"href":"https:\/\/forum-flugplatz.ch\/index.php?rest_route=\/wp\/v2\/types\/page"}],"author":[{"embeddable":true,"href":"https:\/\/forum-flugplatz.ch\/index.php?rest_route=\/wp\/v2\/users\/1"}],"replies":[{"embeddable":true,"href":"https:\/\/forum-flugplatz.ch\/index.php?rest_route=%2Fwp%2Fv2%2Fcomments&post=901"}],"version-history":[{"count":14,"href":"https:\/\/forum-flugplatz.ch\/index.php?rest_route=\/wp\/v2\/pages\/901\/revisions"}],"predecessor-version":[{"id":1423,"href":"https:\/\/forum-flugplatz.ch\/index.php?rest_route=\/wp\/v2\/pages\/901\/revisions\/1423"}],"wp:attachment":[{"href":"https:\/\/forum-flugplatz.ch\/index.php?rest_route=%2Fwp%2Fv2%2Fmedia&parent=901"}],"curies":[{"name":"wp","href":"https:\/\/api.w.org\/{rel}","templated":true}]}}