{"id":914,"date":"2019-12-01T15:10:30","date_gmt":"2019-12-01T14:10:30","guid":{"rendered":"http:\/\/forum-flugplatz.ch\/?page_id=914"},"modified":"2021-11-25T19:24:23","modified_gmt":"2021-11-25T18:24:23","slug":"flash","status":"publish","type":"page","link":"https:\/\/forum-flugplatz.ch\/?page_id=914","title":{"rendered":"Info Flash"},"content":{"rendered":"<p><strong>05.08.2021<\/strong><br \/>\nVon allem ein wenig, von nichts genug, vieles veraltet und Wichtiges nicht vorhanden. Das ist das Fazit des Autors Dr. iur. Rudolf P. Schaub in seinem neuen Buch <a href=\"https:\/\/forum-flugplatz.ch\/wp-content\/uploads\/2021\/08\/Forum-Flash-30.pdf\"><span style=\"color: #ff0000;\"><strong>&#8220;Schweizer Armee in der Konzeptions-Sackgasse&#8221;<\/strong><\/span><\/a>, Verfasser diverser Milit\u00e4rischen Publikationen. Das Buch soll Bundesrat und Parlament aufr\u00fctteln, endlich die notwendigen Weichenstellungen hin zu einer glaubw\u00fcrdigen Armee vorzunehmen!&nbsp;<\/p>\n<p><strong>11.07.2021<\/strong><br \/>\n<a href=\"https:\/\/forum-flugplatz.ch\/wp-content\/uploads\/2021\/07\/Forum-Flash-29.pdf\"><strong><span style=\"color: #ff0000;\">Verbindlichkeit der Offerte f\u00fcr den F-35A als neues Kampfflugzeug<\/span><\/strong><\/a><br \/>\nDie Berichte in den heutigen Ausgaben von Sonntagsblick und Sonntagszeitung \u00fcber die Verbindlichkeit der<br \/>\nOfferte f\u00fcr den F-35A als neues Kampfflugzeug enthalten einseitige Darstellungen. Das Bundesamt f\u00fcr R\u00fcstung armasuisse hat dazu eine Klarstellung publiziert.<\/p>\n<h3><strong>08.07.2021<br \/>\n<a href=\"https:\/\/forum-flugplatz.ch\/wp-content\/uploads\/2021\/07\/Forum-Flash-28.pdf\"><span style=\"color: #ff0000;\">INFO FLASH 28<\/span><\/a><\/strong><a href=\"https:\/\/forum-flugplatz.ch\/wp-content\/uploads\/2021\/07\/Forum-Flash-28.pdf\"><span style=\"color: #ff0000;\">: F\u00fcr einmal eine gute journalistische Recherchenarbeit \u00fcber Kosten und Leistung des F-35A in europ\u00e4ischen L\u00e4ndern<\/span><\/a><strong><a href=\"https:\/\/forum-flugplatz.ch\/wp-content\/uploads\/2021\/07\/Forum-Flash-28.pdf\"><span style=\"color: #ff0000;\">. Artikel auch in der Ausgabe 6\/21 von Pro Libertate publiziert.<\/span><\/a><\/strong><\/h3>\n<p><strong>07.07.2021<\/strong><br \/>\n<a href=\"https:\/\/forum-flugplatz.ch\/wp-content\/uploads\/2021\/07\/Forum-Flash-27-1.pdf\"><span style=\"color: #ff0000;\"><strong>INFO FLASH 27<\/strong><\/span><\/a>: <span style=\"color: #ff0000;\"><strong><a style=\"color: #ff0000;\" href=\"https:\/\/forum-flugplatz.ch\/wp-content\/uploads\/2021\/07\/Forum-Flash-27-1.pdf\">Es ist schlicht unertr\u00e4glich was beinahe t\u00e4glich in den Medien an Halb- und Unwahrheiten \u00fcber das neue Kampfflugzeug der 5. Generation f\u00fcr die Schweiz verzapft wird.<\/a> <\/strong><\/span><a href=\"https:\/\/forum-flugplatz.ch\/wp-content\/uploads\/2021\/07\/Forum-Flash-27-1.pdf\"><strong><span style=\"color: #ff0000;\">Hazard Lee, ein unabh\u00e4ngiger F-35 Pilot erkl\u00e4rt auf eindr\u00fcckliche Weise, weshalb die Medien derart auf das derzeit beste Kampfflugzeug eindreschen.&nbsp;<\/span><\/strong><\/a><\/p>\n<p><span style=\"color: #000000;\"><strong>12. 02. 2021<\/strong><\/span><br \/>\n<span style=\"color: #ff0000;\"><strong><span style=\"color: #ff0000;\"><a style=\"color: #ff0000;\" href=\"http:\/\/forum-flugplatz.ch\/wp-content\/uploads\/2021\/02\/Forum-Flash-25.pdf\">INFO FLASH 25&nbsp; &#8220;Die CIA fliegt mit<\/a>&#8220;<\/span> oder der hoffnungslose Versuch einer Bekehrung<\/strong><\/span>. Ein besonderer Mailverkehr mit <strong>Frau Priska-Seiler-Graf<\/strong>, Nationalr\u00e4tin und Mitglied der SP sowie der Sicherheitspolitischen Kommission des Nationalrates.<\/p>\n<p><strong>06.02.2021<\/strong><br \/>\n<a href=\"http:\/\/forum-flugplatz.ch\/wp-content\/uploads\/2021\/02\/Forum-Flash-24.pdf\"><strong><span style=\"color: #ff0000;\">INFO FLASH 24<\/span><\/strong><\/a> &#8220;Wohin geht die Reise&#8221; auf dem Flugplatz D\u00fcbendorf?<br \/>\nEinreichung unserer Eingabe an das Amt f\u00fcr Verkehr des Kantons Z\u00fcrich.<\/p>\n<p><strong>16.12.2020<\/strong><br \/>\n<a href=\"https:\/\/forum-flugplatz.ch\/wp-content\/uploads\/2021\/09\/Forum-Flash-23.pdf\"><strong><span style=\"color: #ff0000;\">INFO FLASH 23<\/span><\/strong><\/a> erkl\u00e4rt <span style=\"color: #ff0000;\"><strong>m\u00f6gliche Gr\u00fcnde zum besch\u00e4menden Abstimmungsresultat f\u00fcr ein neues Kampfflugzeug am 27. September 2020 und h\u00e4lt ca. 136 Testimonials von Parlamentariern\/Innen fest<\/strong><\/span>.<\/p>\n<p><strong>04.09.2020<\/strong><br \/>\n<a href=\"http:\/\/forum-flugplatz.ch\/wp-content\/uploads\/2020\/09\/Forum-Flash-22.pdf\"><strong><span style=\"color: #ff0000;\">INFO Flash 22<\/span><\/strong><\/a>: F\u00fcr die Luftwaffe und die Armee geht es bei der Abstimmung vom 27. September 2020 um alles oder nichts. Fritz Maurer wagt einen Blick in die Geschichte und stellt einige Argumente und Gegenargumente gegen\u00fcber. Und wie leistungsf\u00e4hig ist ein Trainingsflugzeug?<\/p>\n<p><strong>01.09.2020<\/strong><br \/>\n<a href=\"http:\/\/forum-flugplatz.ch\/wp-content\/uploads\/2020\/09\/Forum-Flash-21.pdf\"><strong><span style=\"color: #ff0000;\">INFO Flash 21<\/span><\/strong><\/a>: Es war zu erwarten, die GSoA f\u00e4hrt schweres Gesch\u00fctz auf mit haneb\u00fcchenen Argumenten. <span style=\"color: #ff0000;\"><a style=\"color: #ff0000;\" href=\"http:\/\/forum-flugplatz.ch\/wp-content\/uploads\/2020\/09\/Forum-Flash-21.pdf\">Konrad Alder<\/a><\/span> nimmt zu einem Artikel von Ch. Lenz in der Tamedia Presse pointiert Stellung.&nbsp;<\/p>\n<p><strong>10.08.2020<\/strong><br \/>\n<a href=\"http:\/\/forum-flugplatz.ch\/wp-content\/uploads\/2020\/08\/Forum-Flash-17.pdf\"><span style=\"color: #ff0000;\"><strong>INFO Flash 17<\/strong><\/span><\/a> hat den wegweisenden Verwaltungsgerichtsentscheid zum <span style=\"color: #ff0000;\"><a style=\"color: #ff0000;\" href=\"http:\/\/forum-flugplatz.ch\/wp-content\/uploads\/2020\/08\/Forum-Flash-17.pdf\">Stopp des Innovationsparkes<\/a><\/span> zum Thema. Dar\u00fcber hinaus d\u00fcrften die Karten f\u00fcr eine neue aviatische Nutzung auf dem Flugplatz D\u00fcbendorf neu gemischt werden.&nbsp;<\/p>\n<p><strong>03.08.2020<\/strong><br \/>\n<a href=\"http:\/\/forum-flugplatz.ch\/wp-content\/uploads\/2020\/08\/Forum-Flash-18.pdf\"><strong><span style=\"color: #ff0000;\">INFO Flash 18<\/span><\/strong><\/a> hat den Corona-Virus <span style=\"color: #ff0000;\"><a style=\"color: #ff0000;\" href=\"http:\/\/forum-flugplatz.ch\/wp-content\/uploads\/2020\/08\/Forum-Flash-18.pdf\"><strong>COVID-19<\/strong><\/a><\/span> im Visier. Lesen Sie u.a. die Antworten vom CdA, KKdt Thomas S\u00fcssli auf unsere Fragen.<\/p>\n<p><strong>27.07.2020<\/strong><br \/>\n<a href=\"http:\/\/forum-flugplatz.ch\/wp-content\/uploads\/2020\/07\/Forum-Flash-19-1.pdf\"><span style=\"color: #ff0000;\"><strong>INFO Flash 19<\/strong><\/span><\/a> nimmt Stellung zur unn\u00f6tigen Liquidation der Doppel-Festungsminenwerfer. <span style=\"color: #ff0000;\"><strong>Diese Liquidation d\u00fcrfte als die gef\u00e4hrlichste Wehrlosmachung in die Schweizer Geschichte eingehen<\/strong><\/span>. <strong><a href=\"http:\/\/forum-flugplatz.ch\/wp-content\/uploads\/2020\/07\/Forum-Flash-19-1.pdf\">Doch lesen Sie selbst nach<\/a>.<\/strong><\/p>\n<p><a href=\"http:\/\/forum-flugplatz.ch\/wp-content\/uploads\/2019\/12\/Forum-Flash-16.pdf\"><strong><span style=\"color: #800000;\">Forum-Flash 16&nbsp;&nbsp;<\/span><\/strong><span style=\"color: #800000;\">&#8211;&nbsp;&nbsp;<\/span><span style=\"color: #800000;\">AIR 2030, die Folgen einer erneuten Ablehnung der Beschaffung von Kampfflugzeugen f\u00fcr die dringliche Erneuerung der Luftwaffe<\/span><\/a><\/p>\n<p><span style=\"color: #800000;\"><strong style=\"color: #800000;\"><a style=\"color: #800000;\" href=\"http:\/\/forum-flugplatz.ch\/wp-content\/uploads\/2019\/12\/Forum-Flash-15.pdf\">Forum-Flash 15 <\/a>&nbsp;<\/strong><a style=\"color: #800000;\" href=\"http:\/\/forum-flugplatz.ch\/wp-content\/uploads\/2019\/12\/Forum-Flash-15.pdf\">&#8211;&nbsp; Will ein Offizier jemand sein oder etwas tun?<\/a><\/span><\/p>\n<p><a href=\"http:\/\/forum-flugplatz.ch\/wp-content\/uploads\/2019\/12\/Forum-Flash-14.pdf\"><strong><span style=\"color: #800000;\">Forum-Flash 14 &#8211;<\/span><\/strong><span style=\"color: #800000;\">&nbsp; Innovationspark in der Landwirtschaftszone ! Zukunftstauglich?<\/span><\/a><\/p>\n<p><a href=\"http:\/\/forum-flugplatz.ch\/wp-content\/uploads\/2019\/12\/Forum-Flash-13.pdf\"><strong><span style=\"color: #800000;\">Forum-Flash 13 <\/span><\/strong><span style=\"color: #800000;\">&#8211;&nbsp; Unsere Sicherheitspolitik ben\u00f6tigt eine Trendwende: Politiker, welche die Armee vergr\u00f6ssern wollen.<\/span><\/a><\/p>\n<p><a href=\"http:\/\/forum-flugplatz.ch\/wp-content\/uploads\/2019\/12\/Forum-Flash-12.pdf\"><span style=\"color: #800000;\"><strong>Forum-Flash 12 <\/strong>&#8211;&nbsp; Die Rissproblematik bei den Schweizer F\/A-18C\/D Hornet: Fact oder Fake News?<\/span><\/a><\/p>\n<p><a href=\"http:\/\/forum-flugplatz.ch\/wp-content\/uploads\/2019\/12\/Forum-Flash-11.pdf\"><strong><span style=\"color: #800000;\">Forum-Flash 11 <\/span><\/strong><span style=\"color: #800000;\">&#8211;&nbsp; Brosch\u00fcre &#8220;Unsere Armee einst und jetzt&#8221;<\/span><\/a><\/p>\n<h6>&nbsp;<\/h6>\n","protected":false},"excerpt":{"rendered":"<p>05.08.2021 Von allem ein wenig, von nichts genug, vieles veraltet und Wichtiges nicht vorhanden. Das ist das Fazit des Autors Dr. iur. Rudolf P. Schaub in seinem neuen Buch &#8220;Schweizer [&hellip;]<\/p>\n","protected":false},"author":1,"featured_media":0,"parent":0,"menu_order":0,"comment_status":"closed","ping_status":"closed","template":"","meta":[],"_links":{"self":[{"href":"https:\/\/forum-flugplatz.ch\/index.php?rest_route=\/wp\/v2\/pages\/914"}],"collection":[{"href":"https:\/\/forum-flugplatz.ch\/index.php?rest_route=\/wp\/v2\/pages"}],"about":[{"href":"https:\/\/forum-flugplatz.ch\/index.php?rest_route=\/wp\/v2\/types\/page"}],"author":[{"embeddable":true,"href":"https:\/\/forum-flugplatz.ch\/index.php?rest_route=\/wp\/v2\/users\/1"}],"replies":[{"embeddable":true,"href":"https:\/\/forum-flugplatz.ch\/index.php?rest_route=%2Fwp%2Fv2%2Fcomments&post=914"}],"version-history":[{"count":60,"href":"https:\/\/forum-flugplatz.ch\/index.php?rest_route=\/wp\/v2\/pages\/914\/revisions"}],"predecessor-version":[{"id":1461,"href":"https:\/\/forum-flugplatz.ch\/index.php?rest_route=\/wp\/v2\/pages\/914\/revisions\/1461"}],"wp:attachment":[{"href":"https:\/\/forum-flugplatz.ch\/index.php?rest_route=%2Fwp%2Fv2%2Fmedia&parent=914"}],"curies":[{"name":"wp","href":"https:\/\/api.w.org\/{rel}","templated":true}]}}